{"id":5,"date":"2024-03-15T14:02:02","date_gmt":"2024-03-15T14:02:02","guid":{"rendered":"http:\/\/localhost:8080\/?page_id=5"},"modified":"2024-05-18T07:20:45","modified_gmt":"2024-05-18T07:20:45","slug":"engstrom-kulturmaleri","status":"publish","type":"page","link":"https:\/\/www.ekmaleri.se\/","title":{"rendered":""},"content":{"rendered":"\n<div class=\"wp-block-group alignfull has-accent-5-background-color has-background is-layout-flow wp-container-core-group-is-layout-171f7a0c wp-block-group-is-layout-flow\" style=\"margin-top:0;margin-bottom:0;padding-top:var(--wp--preset--spacing--20);padding-right:var(--wp--preset--spacing--60);padding-bottom:var(--wp--preset--spacing--20);padding-left:var(--wp--preset--spacing--60)\">\n<h1 class=\"wp-block-heading has-text-align-center is-style-default\" style=\"margin-top:var(--wp--preset--spacing--30);margin-bottom:var(--wp--preset--spacing--30)\">Engstr\u00f6m Kulturm\u00e5leri<\/h1>\n\n\n\n<div class=\"wp-block-group is-content-justification-center is-nowrap is-layout-flex wp-container-core-group-is-layout-29925fdb wp-block-group-is-layout-flex\" style=\"padding-top:0;padding-bottom:var(--wp--preset--spacing--10)\">\n<figure class=\"wp-block-image size-full is-resized has-custom-border\"><img loading=\"lazy\" decoding=\"async\" width=\"2000\" height=\"1683\" src=\"https:\/\/www.ekmaleri.se\/wp-content\/uploads\/2024\/05\/Untitled-1.png\" alt=\"\" class=\"wp-image-293\" style=\"border-style:none;border-width:0px;width:627px;height:auto\" srcset=\"https:\/\/www.ekmaleri.se\/wp-content\/uploads\/2024\/05\/Untitled-1.png 2000w, https:\/\/www.ekmaleri.se\/wp-content\/uploads\/2024\/05\/Untitled-1-300x252.png 300w, https:\/\/www.ekmaleri.se\/wp-content\/uploads\/2024\/05\/Untitled-1-1024x862.png 1024w, https:\/\/www.ekmaleri.se\/wp-content\/uploads\/2024\/05\/Untitled-1-768x646.png 768w, https:\/\/www.ekmaleri.se\/wp-content\/uploads\/2024\/05\/Untitled-1-1536x1293.png 1536w\" sizes=\"auto, (max-width: 2000px) 100vw, 2000px\" \/><\/figure>\n<\/div>\n\n\n\n<blockquote class=\"wp-block-quote has-text-align-center is-style-plain has-base-color has-custom-color-2-background-color has-text-color has-background has-link-color wp-elements-15a2b439b5042e69c0719910e460c705 is-layout-flow wp-container-core-quote-is-layout-8a368f38 wp-block-quote-is-layout-flow is-style-plain--1\">\n<p>H\u00e5llbart m\u00e5leri f\u00f6r byggnad, m\u00e4nniska och milj\u00f6<\/p>\n<\/blockquote>\n\n\n\n<p><strong>V\u00e4lkommen till Engstr\u00f6m Kulturm\u00e5leri <\/strong><\/p>\n\n\n\n<p>Jag utf\u00f6r m\u00e5lningsarbeten inomhus och utomhus, och ger ocks\u00e5 r\u00e5dgivning och st\u00f6d i eget m\u00e5leri. F\u00f6r st\u00f6rre m\u00e5lningsarbeten finns n\u00e4tverk med p\u00e5litliga samarbetspartners. Jag \u00e4r utbildad p\u00e5 yrkesh\u00f6gskola f\u00f6r kulturm\u00e5leri och \u00e4r verksam i  Hagfors, V\u00e4rmland och Lappland.<\/p>\n\n\n\n<p><\/p>\n\n\n\n<p><strong>Varf\u00f6r Kulturm\u00e5leri?<\/strong><\/p>\n\n\n\n<p>Kulturm\u00e5leri\/hantverksm\u00e5leri inneb\u00e4r att anv\u00e4nda traditionella och historiska material och tekniker f\u00f6r byggnadsm\u00e5leri. En kulturm\u00e5lare har \u00e5terupptagit kontakten med historien och uppr\u00e4tth\u00e5ller hantverksm\u00e5leriets tradition. Det handlar om linoljef\u00e4rg, limf\u00e4rg, tj\u00e4ra, slamf\u00e4rg, \u00e4ggoljetempera, pappsp\u00e4nning, oljef\u00f6rgyllning, f\u00f6nsterrenovering mm.<\/p>\n\n\n\n<p><\/p>\n\n\n\n<p><strong>Traditionell F\u00e4rg \u00e4r Framtiden<\/strong><\/p>\n\n\n\n<p>N\u00e4r du v\u00e4ljer traditionella f\u00e4rger, v\u00e4ljer du inte bara en mindre milj\u00f6belastande v\u00e4g fram\u00e5t\u2014du v\u00e4ljer ocks\u00e5 en bepr\u00f6vad metod. Den historiska kopplingen \u00e4r sk\u00f6n! Med de traditionella f\u00e4rgerna \u00e5terfinns robusta ytor och en \u00e4kthet, som inte finns med moderna f\u00e4rger.<strong><\/strong><\/p>\n\n\n\n<p>Traditionella f\u00e4rger har naturligt inneh\u00e5ll till skillnad fr\u00e5n moderna f\u00e4rger som ju inneh\u00e5ller plast, och orsakar enorma m\u00e4ngder mikroplaster och larm om \u00f6kande allergier. De traditionella f\u00e4rgerna skonar milj\u00f6n och ger vackra och h\u00e5llbara ytor. H\u00e5llbarheten avser h\u00e4nsyn till milj\u00f6, h\u00e4lsa och att du inte beh\u00f6ver m\u00e5la om s\u00e5 ofta. <\/p>\n\n\n\n<p><\/p>\n\n\n\n<p><strong>Kontakta Mig f\u00f6r H\u00e5llbart M\u00e5leri<\/strong><\/p>\n\n\n\n<p>Vill du m\u00e5la med traditionella f\u00e4rger, anv\u00e4nda h\u00e5llbara tekniker och \u00f6nskar respektera b\u00e5de husets historia och belasta milj\u00f6n mindre? Kontakta mig f\u00f6r att diskutera ditt projekt.<\/p>\n\n\n\n<p>V\u00e4lkommen till Engstr\u00f6m Kulturm\u00e5leri!<\/p>\n\n\n\n<p><\/p>\n\n\n\n<p style=\"margin-right:var(--wp--preset--spacing--60);margin-left:var(--wp--preset--spacing--60);padding-right:0;padding-left:0\"><\/p>\n\n\n\n<div class=\"wp-block-buttons is-content-justification-center is-layout-flex wp-container-core-buttons-is-layout-02e2f1ae wp-block-buttons-is-layout-flex\" style=\"margin-top:var(--wp--preset--spacing--20);margin-bottom:var(--wp--preset--spacing--20)\">\n<div class=\"wp-block-button has-custom-width wp-block-button__width-50\"><a class=\"wp-block-button__link wp-element-button\" href=\"https:\/\/www.ekmaleri.se\/?page_id=24\">Kontakt<\/a><\/div>\n<\/div>\n<\/div>\n","protected":false},"excerpt":{"rendered":"<p>Engstr\u00f6m Kulturm\u00e5leri H\u00e5llbart m\u00e5leri f\u00f6r byggnad, m\u00e4nniska och milj\u00f6 V\u00e4lkommen till Engstr\u00f6m Kulturm\u00e5leri Jag utf\u00f6r m\u00e5lningsarbeten inomhus och utomhus, och ger ocks\u00e5 r\u00e5dgivning och st\u00f6d i eget m\u00e5leri. F\u00f6r st\u00f6rre m\u00e5lningsarbeten finns n\u00e4tverk med p\u00e5litliga samarbetspartners. Jag \u00e4r utbildad p\u00e5 yrkesh\u00f6gskola f\u00f6r kulturm\u00e5leri och \u00e4r verksam i Hagfors, V\u00e4rmland och Lappland. Varf\u00f6r Kulturm\u00e5leri? Kulturm\u00e5leri\/hantverksm\u00e5leri inneb\u00e4r [&hellip;]<\/p>\n","protected":false},"author":1,"featured_media":0,"parent":0,"menu_order":0,"comment_status":"closed","ping_status":"closed","template":"page-no-title","meta":{"footnotes":""},"class_list":["post-5","page","type-page","status-publish","hentry"],"_links":{"self":[{"href":"https:\/\/www.ekmaleri.se\/index.php?rest_route=\/wp\/v2\/pages\/5","targetHints":{"allow":["GET"]}}],"collection":[{"href":"https:\/\/www.ekmaleri.se\/index.php?rest_route=\/wp\/v2\/pages"}],"about":[{"href":"https:\/\/www.ekmaleri.se\/index.php?rest_route=\/wp\/v2\/types\/page"}],"author":[{"embeddable":true,"href":"https:\/\/www.ekmaleri.se\/index.php?rest_route=\/wp\/v2\/users\/1"}],"replies":[{"embeddable":true,"href":"https:\/\/www.ekmaleri.se\/index.php?rest_route=%2Fwp%2Fv2%2Fcomments&post=5"}],"version-history":[{"count":40,"href":"https:\/\/www.ekmaleri.se\/index.php?rest_route=\/wp\/v2\/pages\/5\/revisions"}],"predecessor-version":[{"id":295,"href":"https:\/\/www.ekmaleri.se\/index.php?rest_route=\/wp\/v2\/pages\/5\/revisions\/295"}],"wp:attachment":[{"href":"https:\/\/www.ekmaleri.se\/index.php?rest_route=%2Fwp%2Fv2%2Fmedia&parent=5"}],"curies":[{"name":"wp","href":"https:\/\/api.w.org\/{rel}","templated":true}]}}