{"id":24,"date":"2024-03-15T14:52:47","date_gmt":"2024-03-15T14:52:47","guid":{"rendered":"http:\/\/localhost:8080\/?page_id=24"},"modified":"2024-05-16T11:36:05","modified_gmt":"2024-05-16T11:36:05","slug":"24-2","status":"publish","type":"page","link":"https:\/\/www.ekmaleri.se\/?page_id=24","title":{"rendered":"Kontakt"},"content":{"rendered":"\n<div class=\"wp-block-group alignfull has-accent-background-color has-background has-global-padding is-layout-constrained wp-container-core-group-is-layout-669513ed wp-block-group-is-layout-constrained\" style=\"margin-top:0;margin-bottom:0;padding-top:var(--wp--preset--spacing--50);padding-right:var(--wp--preset--spacing--50);padding-bottom:var(--wp--preset--spacing--50);padding-left:var(--wp--preset--spacing--50)\">\n<div class=\"wp-block-columns alignwide is-layout-flex wp-container-core-columns-is-layout-1da03c2a wp-block-columns-is-layout-flex\">\n<div class=\"wp-block-column is-vertically-aligned-stretch is-layout-flow wp-block-column-is-layout-flow\" style=\"flex-basis:50%\">\n<div class=\"wp-block-group is-vertical is-content-justification-stretch is-layout-flex wp-container-core-group-is-layout-444d5ee8 wp-block-group-is-layout-flex\" style=\"min-height:100%\">\n<h2 class=\"wp-block-heading\"><\/h2>\n\n\n\n<div class=\"wp-block-group is-content-justification-center is-nowrap is-layout-flex wp-container-core-group-is-layout-23441af8 wp-block-group-is-layout-flex\"><\/div>\n\n\n\n<p class=\"has-medium-font-size\"><\/p>\n\n\n\n<p><strong>V\u00e4lkommen att ta kontakt!<\/strong><\/p>\n\n\n\n<p>Eva Engstr\u00f6m, Engstr\u00f6m Kulturm\u00e5leri<\/p>\n\n\n\n<p>eva@ekmaleri.se<\/p>\n\n\n\n<p>0738160475<\/p>\n\n\n\n<p>~<\/p>\n\n\n\n<p>F\u00f6retaget erbjuder m\u00e5leritj\u00e4nster och konsultation.<\/p>\n\n\n\n<p>~<\/p>\n\n\n\n<p>F-skatt och rotavdrag<\/p>\n\n\n\n<p><\/p>\n<\/div>\n<\/div>\n\n\n\n<div class=\"wp-block-column is-vertically-aligned-center is-layout-flow wp-block-column-is-layout-flow\" style=\"flex-basis:50%\">\n<figure class=\"wp-block-image size-large is-style-rounded wp-duotone-unset-2 is-style-rounded--1\"><img loading=\"lazy\" decoding=\"async\" width=\"1920\" height=\"2560\" src=\"https:\/\/www.ekmaleri.se\/wp-content\/uploads\/2024\/05\/Evalimfarg-edited.webp\" alt=\"\" class=\"wp-image-234\" style=\"aspect-ratio:3\/4;object-fit:cover\" srcset=\"https:\/\/www.ekmaleri.se\/wp-content\/uploads\/2024\/05\/Evalimfarg-edited.webp 1920w, https:\/\/www.ekmaleri.se\/wp-content\/uploads\/2024\/05\/Evalimfarg-edited-225x300.webp 225w, https:\/\/www.ekmaleri.se\/wp-content\/uploads\/2024\/05\/Evalimfarg-edited-768x1024.webp 768w, https:\/\/www.ekmaleri.se\/wp-content\/uploads\/2024\/05\/Evalimfarg-edited-1152x1536.webp 1152w, https:\/\/www.ekmaleri.se\/wp-content\/uploads\/2024\/05\/Evalimfarg-edited-1536x2048.webp 1536w\" sizes=\"auto, (max-width: 1920px) 100vw, 1920px\" \/><\/figure>\n<\/div>\n<\/div>\n<\/div>\n","protected":false},"excerpt":{"rendered":"<p>V\u00e4lkommen att ta kontakt! Eva Engstr\u00f6m, Engstr\u00f6m Kulturm\u00e5leri eva@ekmaleri.se 0738160475 ~ F\u00f6retaget erbjuder m\u00e5leritj\u00e4nster och konsultation. ~ F-skatt och rotavdrag<\/p>\n","protected":false},"author":1,"featured_media":0,"parent":0,"menu_order":3,"comment_status":"closed","ping_status":"closed","template":"page-no-title","meta":{"footnotes":""},"class_list":["post-24","page","type-page","status-publish","hentry"],"_links":{"self":[{"href":"https:\/\/www.ekmaleri.se\/index.php?rest_route=\/wp\/v2\/pages\/24","targetHints":{"allow":["GET"]}}],"collection":[{"href":"https:\/\/www.ekmaleri.se\/index.php?rest_route=\/wp\/v2\/pages"}],"about":[{"href":"https:\/\/www.ekmaleri.se\/index.php?rest_route=\/wp\/v2\/types\/page"}],"author":[{"embeddable":true,"href":"https:\/\/www.ekmaleri.se\/index.php?rest_route=\/wp\/v2\/users\/1"}],"replies":[{"embeddable":true,"href":"https:\/\/www.ekmaleri.se\/index.php?rest_route=%2Fwp%2Fv2%2Fcomments&post=24"}],"version-history":[{"count":12,"href":"https:\/\/www.ekmaleri.se\/index.php?rest_route=\/wp\/v2\/pages\/24\/revisions"}],"predecessor-version":[{"id":245,"href":"https:\/\/www.ekmaleri.se\/index.php?rest_route=\/wp\/v2\/pages\/24\/revisions\/245"}],"wp:attachment":[{"href":"https:\/\/www.ekmaleri.se\/index.php?rest_route=%2Fwp%2Fv2%2Fmedia&parent=24"}],"curies":[{"name":"wp","href":"https:\/\/api.w.org\/{rel}","templated":true}]}}