{"id":145,"date":"2024-05-16T06:34:04","date_gmt":"2024-05-16T06:34:04","guid":{"rendered":"https:\/\/www.ekmaleri.se\/?page_id=145"},"modified":"2024-05-18T08:18:44","modified_gmt":"2024-05-18T08:18:44","slug":"fonsterrenovering","status":"publish","type":"page","link":"https:\/\/www.ekmaleri.se\/?page_id=145","title":{"rendered":"F\u00f6nsterrenovering"},"content":{"rendered":"\n<p>Byt inte ut dina gamla f\u00f6nster! Renovera dem ist\u00e4llet! Med r\u00e4tt gjord isolering beh\u00f6vs inget byte. \u00c4ldre f\u00f6nster \u00e4r gjorda av k\u00e4rnvirke som \u00e4r en mycket god kvalitet av tr\u00e4.<\/p>\n\n\n\n<p>Gamla f\u00f6nster med munbl\u00e5sta glas och \u00e4kta spr\u00f6js \u00e4r husets \u00f6gon och g\u00e5r inte att ers\u00e4tta med n\u00e5got annat.<\/p>\n\n\n\n<p>Utifr\u00e5n f\u00f6nstrets kondition och gamla f\u00e4rglager g\u00f6rs de \u00e5tg\u00e4rder som kr\u00e4vs f\u00f6r att de ska h\u00e5lla i m\u00e5nga \u00e5r till. Det anv\u00e4nds genomg\u00e5ende linolja vid renoveringen. Munbl\u00e5sta glas byts vid behov.<\/p>\n\n\n\n<p><\/p>\n\n\n\n<figure class=\"wp-block-gallery has-nested-images columns-default wp-block-gallery-1 is-layout-flex wp-block-gallery-is-layout-flex\">\n<figure class=\"wp-block-image size-large\"><a href=\"https:\/\/www.ekmaleri.se\/wp-content\/uploads\/2024\/05\/windowrenovation.jpg\"><img loading=\"lazy\" decoding=\"async\" width=\"1024\" height=\"576\" data-id=\"265\" src=\"https:\/\/www.ekmaleri.se\/wp-content\/uploads\/2024\/05\/windowrenovation-1024x576.jpg\" alt=\"\" class=\"wp-image-265\" srcset=\"https:\/\/www.ekmaleri.se\/wp-content\/uploads\/2024\/05\/windowrenovation-1024x576.jpg 1024w, https:\/\/www.ekmaleri.se\/wp-content\/uploads\/2024\/05\/windowrenovation-300x169.jpg 300w, https:\/\/www.ekmaleri.se\/wp-content\/uploads\/2024\/05\/windowrenovation-768x432.jpg 768w, https:\/\/www.ekmaleri.se\/wp-content\/uploads\/2024\/05\/windowrenovation-1536x864.jpg 1536w, https:\/\/www.ekmaleri.se\/wp-content\/uploads\/2024\/05\/windowrenovation-2048x1152.jpg 2048w\" sizes=\"auto, (max-width: 1024px) 100vw, 1024px\" \/><\/a><\/figure>\n\n\n\n<figure class=\"wp-block-image size-large\"><a href=\"https:\/\/www.ekmaleri.se\/wp-content\/uploads\/2024\/05\/DSC_13772.jpg\"><img loading=\"lazy\" decoding=\"async\" width=\"576\" height=\"1024\" data-id=\"279\" src=\"https:\/\/www.ekmaleri.se\/wp-content\/uploads\/2024\/05\/DSC_13772-576x1024.jpg\" alt=\"\" class=\"wp-image-279\" srcset=\"https:\/\/www.ekmaleri.se\/wp-content\/uploads\/2024\/05\/DSC_13772-576x1024.jpg 576w, https:\/\/www.ekmaleri.se\/wp-content\/uploads\/2024\/05\/DSC_13772-169x300.jpg 169w, https:\/\/www.ekmaleri.se\/wp-content\/uploads\/2024\/05\/DSC_13772-768x1365.jpg 768w, https:\/\/www.ekmaleri.se\/wp-content\/uploads\/2024\/05\/DSC_13772-864x1536.jpg 864w, https:\/\/www.ekmaleri.se\/wp-content\/uploads\/2024\/05\/DSC_13772.jpg 1125w\" sizes=\"auto, (max-width: 576px) 100vw, 576px\" \/><\/a><\/figure>\n\n\n\n<figure class=\"wp-block-image size-large\"><a href=\"https:\/\/www.ekmaleri.se\/wp-content\/uploads\/2024\/05\/DSC_11562.jpg\"><img loading=\"lazy\" decoding=\"async\" width=\"576\" height=\"1024\" data-id=\"281\" src=\"https:\/\/www.ekmaleri.se\/wp-content\/uploads\/2024\/05\/DSC_11562-576x1024.jpg\" alt=\"\" class=\"wp-image-281\" srcset=\"https:\/\/www.ekmaleri.se\/wp-content\/uploads\/2024\/05\/DSC_11562-576x1024.jpg 576w, https:\/\/www.ekmaleri.se\/wp-content\/uploads\/2024\/05\/DSC_11562-169x300.jpg 169w, https:\/\/www.ekmaleri.se\/wp-content\/uploads\/2024\/05\/DSC_11562-768x1365.jpg 768w, https:\/\/www.ekmaleri.se\/wp-content\/uploads\/2024\/05\/DSC_11562-864x1536.jpg 864w, https:\/\/www.ekmaleri.se\/wp-content\/uploads\/2024\/05\/DSC_11562.jpg 1125w\" sizes=\"auto, (max-width: 576px) 100vw, 576px\" \/><\/a><\/figure>\n<\/figure>\n","protected":false},"excerpt":{"rendered":"<p>Byt inte ut dina gamla f\u00f6nster! Renovera dem ist\u00e4llet! Med r\u00e4tt gjord isolering beh\u00f6vs inget byte. \u00c4ldre f\u00f6nster \u00e4r gjorda av k\u00e4rnvirke som \u00e4r en mycket god kvalitet av tr\u00e4. Gamla f\u00f6nster med munbl\u00e5sta glas och \u00e4kta spr\u00f6js \u00e4r husets \u00f6gon och g\u00e5r inte att ers\u00e4tta med n\u00e5got annat. Utifr\u00e5n f\u00f6nstrets kondition och gamla f\u00e4rglager [&hellip;]<\/p>\n","protected":false},"author":2,"featured_media":111,"parent":56,"menu_order":0,"comment_status":"closed","ping_status":"closed","template":"wp-custom-template-column-images","meta":{"footnotes":""},"class_list":["post-145","page","type-page","status-publish","has-post-thumbnail","hentry"],"_links":{"self":[{"href":"https:\/\/www.ekmaleri.se\/index.php?rest_route=\/wp\/v2\/pages\/145","targetHints":{"allow":["GET"]}}],"collection":[{"href":"https:\/\/www.ekmaleri.se\/index.php?rest_route=\/wp\/v2\/pages"}],"about":[{"href":"https:\/\/www.ekmaleri.se\/index.php?rest_route=\/wp\/v2\/types\/page"}],"author":[{"embeddable":true,"href":"https:\/\/www.ekmaleri.se\/index.php?rest_route=\/wp\/v2\/users\/2"}],"replies":[{"embeddable":true,"href":"https:\/\/www.ekmaleri.se\/index.php?rest_route=%2Fwp%2Fv2%2Fcomments&post=145"}],"version-history":[{"count":8,"href":"https:\/\/www.ekmaleri.se\/index.php?rest_route=\/wp\/v2\/pages\/145\/revisions"}],"predecessor-version":[{"id":287,"href":"https:\/\/www.ekmaleri.se\/index.php?rest_route=\/wp\/v2\/pages\/145\/revisions\/287"}],"up":[{"embeddable":true,"href":"https:\/\/www.ekmaleri.se\/index.php?rest_route=\/wp\/v2\/pages\/56"}],"wp:featuredmedia":[{"embeddable":true,"href":"https:\/\/www.ekmaleri.se\/index.php?rest_route=\/wp\/v2\/media\/111"}],"wp:attachment":[{"href":"https:\/\/www.ekmaleri.se\/index.php?rest_route=%2Fwp%2Fv2%2Fmedia&parent=145"}],"curies":[{"name":"wp","href":"https:\/\/api.w.org\/{rel}","templated":true}]}}